m**5/20 + 13*m**4/12 - 2*m**3/3 - 19*m**2/2 - 2*m. What is the tens digit of z(-13)?
3
Let b(u) = 328*u**2 - 2*u - 2. What is the units digit of b(-1)?
8
Let r(c) = c**2 + 3*c - 8. Let a be r(-5). Suppose -3*u - a*u = -5. Let h = 4 - u. What is the units digit of h?
3
Let v = -74 + 78. Let h = 22 + 18. What is the tens digit of v/((-16)/(-4)) + h?
4
Let k(d) = -d + 143. Suppose -5*g - 3*g = 0. What is the tens digit of k(g)?
4
Let z be ((-8)/5)/((-4)/(-30)). Let t(q) = q**3 + 12*q**2 - 2*q - 18. What is the units digit of t(z)?
6
Suppose -7*o + 11*o - 7685 = -5*h, 4*o + h = 7665. What is the thousands digit of o?
1
What is the units digit of (1712/(-24))/(1/(-6))?
8
Suppose -4*k + 914 = -4*y + 66, 3*y - 449 = -2*k. What is the hundreds digit of k?
2
Let g be 4/(-20) - (-4)/(-5). What is the tens digit of 1 + g + 3/((-12)/(-244))?
6
Let r(v) = -v**2 - 10*v. Let d be (-11 + 3)*2/(-2). Let t = d + -15. What is the units digit of r(t)?
1
What is the tens digit of 717 + (-6)/(-12)*(-2 - -12)?
2
Suppose 4*f - 2*f = n + 182, 3*f = 5*n + 287. Let y be 915/(-10)*(-4)/6. Let h = f - y. What is the units digit of h?
8
Let t = -732 - -1265. What is the units digit of t?
3
Let i(p) = -5*p**3 - 6*p**2 - 4*p + 4. What is the units digit of i(-4)?
4
Suppose 100 = 7*n - 488. What is the units digit of n?
4
Suppose -6*n = -3*v - n - 192, -n = -2*v - 121. Let t = -12 - v. What is the units digit of t?
7
Let v be (0 + 2 - 38)*1/(-3). What is the tens digit of (-15)/v + (-2)/(-8) - -58?
5
Let w be (0 + -1)/((-8)/16). Let y(o) = 3 - 3*o + 0*o**2 + w*o**2 + o**2 - o**2 + o**3. What is the units digit of y(-3)?
3
Let o(w) = w**3 + 5*w**2 + 6*w + 5. Let s be o(-3). Suppose 5*m - 25 = 0, s*n - 35 = m + 85. Let i = n - 19. What is the units digit of i?
6
Suppose 14 - 84 = -14*d. Let z(q) = -q**2 - 5*q - 4. Let f be z(-3). Let o = d - f. What is the units digit of o?
3
Let i be ((-1)/(-3))/(1/6). Let w(s) = 7*s**2 + 0 - 4 + i + 3. What is the units digit of w(-1)?
8
Let m(z) = 6*z**2 + 35*z - 32. What is the tens digit of m(8)?
3
Let i(p) = 41*p**2 + 18*p + 51. What is the hundreds digit of i(-4)?
6
Suppose -6*q + q = -4*b - 3049, 20 = 5*b. What is the units digit of q?
3
Let j = 841 + -471. What is the units digit of j?
0
Let h = 20 + -12. Suppose 5*i - 4 = -3*n - 0*n, h = 3*i - n. Suppose -f - i*z + 21 = 0, -f + 62 = f - z. What is the tens digit of f?
2
Let o(i) = 4*i + 4. Let z be o(3). Suppose 0*m - z = -4*m. Suppose -108 = -4*a + m*h, -3*h = -h + 10. What is the units digit of a?
2
Let w(s) = s + 43. Let x be w(-13). Let a = 22 + -43. Let p = x - a. What is the units digit of p?
1
Let u = 4882 - 865. What is the thousands digit of u?
4
Let k(p) be the first derivative of 8*p**3/3 + 2*p**2 + p - 4. Let b be k(4). What is the units digit of b/20 - 2/8?
7
Let r(f) = f**3 + 12*f**2 + 1. Let n be r(-12). What is the units digit of n/(-1) - (-71 + 9)?
1
Suppose 12*c = 13*c - 14. Suppose 3*h - 4*u - 37 = -2*h, -2*h + 25 = -5*u. Let x = c + h. What is the tens digit of x?
1
Let z(n) = 3508*n**2 - 29*n + 28. What is the units digit of z(1)?
7
Suppose -316 = -2*a - 2*h, -4*a + 767 - 137 = 3*h. What is the tens digit of a?
5
Suppose -15 = -6*o + 3. Suppose -3*f - z = 4 - 10, o*z = -5*f + 10. What is the units digit of 248/f*(-7)/(-28)?
1
Let j be 7/3 - (-4)/(-12). Suppose 2*z - 3*t - 127 = 0, j = -3*t + 5. Suppose 0 = -5*s - 4*p + z, -5*s + 4 = 5*p - 56. What is the tens digit of s?
1
Let f = 17 - 9. Let w = -11 + f. Let g(v) = -5*v - 2. What is the units digit of g(w)?
3
Let m = 5946 - 3051. What is the units digit of m?
5
Let v(i) = i - 5. Let f(j) = -2*j + 6. Let d(h) = -4*f(h) - 3*v(h). Let k be d(7). Suppose y - k - 5 = 0. What is the tens digit of y?
3
Let g = 27 - 17. Let m(v) = v**2 - 4*v - 7. What is the tens digit of m(g)?
5
Suppose -r + 4*v = r - 30, r - 4*v = 17. Let c(z) = z**2 + z - 2. Let h be c(r). Suppose 3*y - 3*t = 2*t + h, -5*t - 245 = -4*y. What is the units digit of y?
5
Let m = -7 + 3. What is the hundreds digit of 4 + m - (-1 + -136)?
1
Let i(f) = 3. Let u(z) be the first derivative of -z**2 + 18*z + 5. Let y(w) = -21*i(w) + 3*u(w). What is the units digit of y(-11)?
7
Suppose -3*r = -5*q - 5*r + 2518, -3*q - 5*r + 1507 = 0. What is the units digit of q?
4
Suppose 0*j - 43 = v - 4*j, -5*v - 135 = -4*j. Let y be (-2)/(-1)*1/(-2). Let h = y - v. What is the units digit of h?
2
Let y(j) = 26*j**2 - 1. Let l be y(1). Let o(b) = b**2 + 24*b - 81. Let w be o(-27). Suppose -5*r + l - 5 = w. What is the units digit of r?
4
Let s(p) = 62*p**2 + 4*p + 5. Let w be s(-2). Suppose -q + k + 81 = 0, -2*q + 4*k = q - w. What is the tens digit of q?
7
Let o(k) = -2*k**2 + 8*k - 6. Let a(w) = -w**3 + 5*w**2 + 6. Let t be a(5). Let m be o(t). What is the units digit of (m/(-4))/(3/8)?
0
Let p = -412 + 1043. Let g = 891 - p. What is the units digit of g?
0
Let m = 1734 + -1434. What is the tens digit of m?
0
Suppose -5*q + 50 = -2*q + 5*t, q + 2*t - 15 = 0. What is the units digit of q?
5
Let v = -3100 + 8983. What is the tens digit of v?
8
Let v be 3/1*209/33. Suppose 5 = -2*b + v. What is the units digit of b?
7
Suppose -20 = -5*k, -14*i + 18*i - 10144 = -4*k. What is the tens digit of i?
3
Suppose 25812 = 8*l - 6772. What is the thousands digit of l?
4
Let n be (87 + 0)/(5*(-6)/(-40)). Let x = n + -59. What is the units digit of x?
7
Let s(i) = i**3 - 8*i**2 + i + 8. Let o = 8 + 8. Let n be (o/3)/(4/6). What is the units digit of s(n)?
6
Suppose 2*y - 3*j = 4, -7*y - 3*j + 52 = -2*y. Suppose 0 = 3*i - 7*i - 4*m + 596, -2*m = -y. Suppose 5*g + i = 10*g. What is the units digit of g?
9
Let u be (0 - 14)/(-2) - 3. Suppose 2*m - 64 = -4*d, 0 = 5*d - u*m - 28 - 39. What is the tens digit of d?
1
Let y(x) = 3*x - 33. Let t be y(8). Let s = 108 - t. What is the hundreds digit of s?
1
Let c(k) = -3*k + 2 - 12*k + 0*k. What is the units digit of c(-2)?
2
Suppose -10*l + 320 = -5*l. Let i = -9 + l. What is the tens digit of i?
5
Suppose 5*v + 10 = -25. Let g(c) = c**2 + 7*c - 4. Let m be g(v). What is the units digit of (29 - (-3 + 1)) + m?
7
Let t(x) = -250*x. Let w be t(-1). Suppose -a - 4*a + w = 0. Suppose 3*y - a = -l + 101, -2*l - 4 = 0. What is the tens digit of y?
5
Let t = -958 + 1680. What is the units digit of t?
2
Let n(m) = m**2 - 6*m + 6. Let s be n(5). What is the units digit of 224/21*5 + s/(-3)?
3
Suppose -27276 = -35*m + 24769. What is the units digit of m?
7
Suppose 3*h + 3*r - 1164 = 0, -4*r = -4*h - r + 1580. What is the tens digit of h?
9
Let v be ((-23)/4 - -5)*(-2 - 46). Let m = -4 + 6. What is the units digit of 3 - m/((-8)/v)?
2
Suppose -3297 = -2*t - 417. What is the thousands digit of t?
1
Let z = -68 - -124. What is the tens digit of 4216/z + (-4)/14?
7
Let u(q) be the first derivative of q**7/840 + q**6/360 + 13*q**4/8 + 11*q**3/3 + 6. Let o(s) be the third derivative of u(s). What is the tens digit of o(0)?
3
Let a = -4 + 6. Let k be 4*(27/6 + a). Suppose 3*d + 4*g - 45 = 0, 5*g + 0 = -d + k. What is the tens digit of d?
1
Suppose 12 = 11*f - 13*f. Let k(p) = -20*p + 4. What is the units digit of k(f)?
4
Suppose 12*u - 141 = -q + 8*u, -3*u = -4*q + 564. What is the hundreds digit of q?
1
Let t(h) = 9*h + 539. What is the hundreds digit of t(-32)?
2
Let z be (-1 + -56)*2*1/(-2). Suppose 5*j = 288 + z. What is the tens digit of j?
6
Let o be 106/1 + (-4)/(-2). Let p = -10 + o. Suppose -c = c - p. What is the tens digit of c?
4
Let u = 25 + -9. Suppose v + 3 = -2*o + u, -3*o + 22 = 2*v. What is the units digit of 108/v - (-2)/5?
2
Let c(n) = -348*n - 41. What is the hundreds digit of c(-1)?
3
Let t = -641 - -932. What is the hundreds digit of t?
2
Let w(v) = v**3 + 6*v**2 - 8*v + 17. Let g(o) = -2*o - 1. Let u(j) = -j**3 + 8*j**2 - 7*j + 3. Let b be u(7). Let r be g(b). What is the tens digit of w(r)?
2
Suppose 7*p = -849 + 4076. What is the units digit of p?
1
Let g = 570 - 215. What is the units digit of g?
5
What is the units digit of 40731/45 + 3*(-6)/135?
5
Let k = 816 + -304. What is the hundreds digit of k?
5
Let d(k) = -9*k + 26. Let i(g) = -27*g + 77. Let c(p) = -17*d(p) + 6*i(p). What is the tens digit of c(-9)?
0
Let z(b) = -b**3 + 9*b**2 - b + 7. Let j be z(9). Let t be ((-5)/j)/((-10)/(-20)). Suppose -147 = -t*u - 32. What is the ten